{"id":560,"date":"2025-11-25T21:55:01","date_gmt":"2025-11-25T21:55:01","guid":{"rendered":"https:\/\/biofarmax.com.br\/?post_type=product&#038;p=560"},"modified":"2025-12-01T18:37:52","modified_gmt":"2025-12-01T18:37:52","slug":"serum-hidratante-com-acido-hialuronico","status":"publish","type":"product","link":"https:\/\/biofarmax.com.br\/index.php\/produto\/serum-hidratante-com-acido-hialuronico\/","title":{"rendered":"S\u00e9rum Hidratante com \u00c1cido Hialur\u00f4nico"},"content":{"rendered":"<p>O s\u00e9rum de \u00c1cido Hialur\u00f4nico oferece hidrata\u00e7\u00e3o intensa e imediata, preenchendo a pele de dentro pra fora. Sua f\u00f3rmula leve, de r\u00e1pida absor\u00e7\u00e3o restaura vi\u00e7o, suaviza linhas finas e deixa a pele com aspecto saud\u00e1vel e luminoso.<\/p>\n","protected":false},"excerpt":{"rendered":"<p>O s\u00e9rum de \u00c1cido Hialur\u00f4nico oferece hidrata\u00e7\u00e3o intensa e imediata, preenchendo a pele de dentro pra fora. Sua f\u00f3rmula leve, de r\u00e1pida absor\u00e7\u00e3o restaura vi\u00e7o, suaviza linhas finas e deixa a pele com aspecto saud\u00e1vel e luminoso.<\/p>\n","protected":false},"featured_media":561,"comment_status":"open","ping_status":"closed","template":"","meta":[],"product_brand":[28],"product_cat":[18],"product_tag":[42],"class_list":{"0":"post-560","1":"product","2":"type-product","3":"status-publish","4":"has-post-thumbnail","6":"product_brand-biobeauty","7":"product_cat-sem-categoria","8":"product_tag-biobeauty","10":"first","11":"instock","12":"shipping-taxable","13":"purchasable","14":"product-type-simple"},"_links":{"self":[{"href":"https:\/\/biofarmax.com.br\/index.php\/wp-json\/wp\/v2\/product\/560","targetHints":{"allow":["GET"]}}],"collection":[{"href":"https:\/\/biofarmax.com.br\/index.php\/wp-json\/wp\/v2\/product"}],"about":[{"href":"https:\/\/biofarmax.com.br\/index.php\/wp-json\/wp\/v2\/types\/product"}],"replies":[{"embeddable":true,"href":"https:\/\/biofarmax.com.br\/index.php\/wp-json\/wp\/v2\/comments?post=560"}],"wp:featuredmedia":[{"embeddable":true,"href":"https:\/\/biofarmax.com.br\/index.php\/wp-json\/wp\/v2\/media\/561"}],"wp:attachment":[{"href":"https:\/\/biofarmax.com.br\/index.php\/wp-json\/wp\/v2\/media?parent=560"}],"wp:term":[{"taxonomy":"product_brand","embeddable":true,"href":"https:\/\/biofarmax.com.br\/index.php\/wp-json\/wp\/v2\/product_brand?post=560"},{"taxonomy":"product_cat","embeddable":true,"href":"https:\/\/biofarmax.com.br\/index.php\/wp-json\/wp\/v2\/product_cat?post=560"},{"taxonomy":"product_tag","embeddable":true,"href":"https:\/\/biofarmax.com.br\/index.php\/wp-json\/wp\/v2\/product_tag?post=560"}],"curies":[{"name":"wp","href":"https:\/\/api.w.org\/{rel}","templated":true}]}}