{"id":409,"date":"2025-11-18T15:15:08","date_gmt":"2025-11-18T15:15:08","guid":{"rendered":"https:\/\/biofarmax.com.br\/?post_type=product&#038;p=409"},"modified":"2026-01-29T18:53:36","modified_gmt":"2026-01-29T18:53:36","slug":"energetico-cafeina","status":"publish","type":"product","link":"https:\/\/biofarmax.com.br\/index.php\/produto\/energetico-cafeina\/","title":{"rendered":"Fito Energ\u00e9tico + Cafe\u00edna  60 C\u00e1psulas"},"content":{"rendered":"<p>A ingest\u00e3o da cafe\u00edna pode estimular a concentra\u00e7\u00e3o e melhorar o desempenho f\u00edsico, devido ao seu efeito estimulante do sistema nervoso central.<\/p>\n<p><strong>Quantidade:<\/strong> 60 Capsulas<\/p>\n<p>&nbsp;<\/p>\n<p><strong>Posologia:<\/strong> Tomar 1 Capsula, 1 a 2 vezes ao dia. Evitar o uso ap\u00f3s as 19h, pois pode atrapalhar o sono.<\/p>\n<p>&nbsp;<\/p>\n<p><strong>Composi\u00e7\u00e3o:<\/strong> Cafe\u00edna 150mg, Paulinia Cupana 200mg, Anemopaegma Arvense 70mg, Pfaffia Paniculata 100mg.<\/p>\n","protected":false},"excerpt":{"rendered":"<p>A ingest\u00e3o da cafe\u00edna pode estimular a concentra\u00e7\u00e3o e melhorar o desempenho f\u00edsico, devido ao seu efeito estimulante do sistema nervoso central. Quantidade: 60 Capsulas &nbsp; Posologia: Tomar 1 Capsula, 1 a 2 vezes ao dia. Evitar o uso ap\u00f3s as 19h, pois pode atrapalhar o sono. &nbsp; Composi\u00e7\u00e3o: Cafe\u00edna 150mg, Paulinia Cupana 200mg, Anemopaegma [&hellip;]<\/p>\n","protected":false},"featured_media":410,"comment_status":"open","ping_status":"closed","template":"","meta":[],"product_brand":[],"product_cat":[20,19],"product_tag":[],"class_list":{"0":"post-409","1":"product","2":"type-product","3":"status-publish","4":"has-post-thumbnail","6":"product_cat-bem-estar","7":"product_cat-fitness","9":"first","10":"instock","11":"shipping-taxable","12":"purchasable","13":"product-type-simple"},"_links":{"self":[{"href":"https:\/\/biofarmax.com.br\/index.php\/wp-json\/wp\/v2\/product\/409","targetHints":{"allow":["GET"]}}],"collection":[{"href":"https:\/\/biofarmax.com.br\/index.php\/wp-json\/wp\/v2\/product"}],"about":[{"href":"https:\/\/biofarmax.com.br\/index.php\/wp-json\/wp\/v2\/types\/product"}],"replies":[{"embeddable":true,"href":"https:\/\/biofarmax.com.br\/index.php\/wp-json\/wp\/v2\/comments?post=409"}],"wp:featuredmedia":[{"embeddable":true,"href":"https:\/\/biofarmax.com.br\/index.php\/wp-json\/wp\/v2\/media\/410"}],"wp:attachment":[{"href":"https:\/\/biofarmax.com.br\/index.php\/wp-json\/wp\/v2\/media?parent=409"}],"wp:term":[{"taxonomy":"product_brand","embeddable":true,"href":"https:\/\/biofarmax.com.br\/index.php\/wp-json\/wp\/v2\/product_brand?post=409"},{"taxonomy":"product_cat","embeddable":true,"href":"https:\/\/biofarmax.com.br\/index.php\/wp-json\/wp\/v2\/product_cat?post=409"},{"taxonomy":"product_tag","embeddable":true,"href":"https:\/\/biofarmax.com.br\/index.php\/wp-json\/wp\/v2\/product_tag?post=409"}],"curies":[{"name":"wp","href":"https:\/\/api.w.org\/{rel}","templated":true}]}}