{"id":398,"date":"2025-11-18T14:59:01","date_gmt":"2025-11-18T14:59:01","guid":{"rendered":"https:\/\/biofarmax.com.br\/?post_type=product&#038;p=398"},"modified":"2025-12-02T19:50:34","modified_gmt":"2025-12-02T19:50:34","slug":"creme-para-manchas","status":"publish","type":"product","link":"https:\/\/biofarmax.com.br\/index.php\/produto\/creme-para-manchas\/","title":{"rendered":"Creme para Manchas 30gr"},"content":{"rendered":"<p><strong>Creme desenvolvido para clareamento de manchas da pele, como as causadas pelo sol (melasma), e tamb\u00e9m para suavizar sardas e cicatrizes. O \u00e1cido K\u00f3jico age inibindo a produ\u00e7\u00e3o de melanina, o que ajuda a uniformizar o tom da pele, al\u00e9m de ter a\u00e7\u00e3o antioxidante que previne o envelhecimento precoce.<\/strong><\/p>\n<p><strong>Quantidade:<\/strong> 30g<\/p>\n<p><b>Modo de Usar:\u00a0<\/b>Aplicar nas \u00e1reas afetadas a noite, retirar pela manh\u00e3 lavando. \u00c9 estritamente necess\u00e1rio o uso de fotoprotetor com FPS acima de 50 durante a utiliza\u00e7\u00e3o do produto.<\/p>\n<p><strong>Composi\u00e7\u00e3o:<\/strong> \u00c1cido k\u00f3jico 2%<\/p>\n","protected":false},"excerpt":{"rendered":"<p>Creme desenvolvido para clareamento de manchas da pele, como as causadas pelo sol (melasma), e tamb\u00e9m para suavizar sardas e cicatrizes. O \u00e1cido K\u00f3jico age inibindo a produ\u00e7\u00e3o de melanina, o que ajuda a uniformizar o tom da pele, al\u00e9m de ter a\u00e7\u00e3o antioxidante que previne o envelhecimento precoce. Quantidade: 30g Modo de Usar:\u00a0Aplicar nas [&hellip;]<\/p>\n","protected":false},"featured_media":399,"comment_status":"open","ping_status":"closed","template":"","meta":[],"product_brand":[],"product_cat":[22],"product_tag":[],"class_list":{"0":"post-398","1":"product","2":"type-product","3":"status-publish","4":"has-post-thumbnail","6":"product_cat-pele","8":"first","9":"instock","10":"shipping-taxable","11":"purchasable","12":"product-type-simple"},"_links":{"self":[{"href":"https:\/\/biofarmax.com.br\/index.php\/wp-json\/wp\/v2\/product\/398","targetHints":{"allow":["GET"]}}],"collection":[{"href":"https:\/\/biofarmax.com.br\/index.php\/wp-json\/wp\/v2\/product"}],"about":[{"href":"https:\/\/biofarmax.com.br\/index.php\/wp-json\/wp\/v2\/types\/product"}],"replies":[{"embeddable":true,"href":"https:\/\/biofarmax.com.br\/index.php\/wp-json\/wp\/v2\/comments?post=398"}],"wp:featuredmedia":[{"embeddable":true,"href":"https:\/\/biofarmax.com.br\/index.php\/wp-json\/wp\/v2\/media\/399"}],"wp:attachment":[{"href":"https:\/\/biofarmax.com.br\/index.php\/wp-json\/wp\/v2\/media?parent=398"}],"wp:term":[{"taxonomy":"product_brand","embeddable":true,"href":"https:\/\/biofarmax.com.br\/index.php\/wp-json\/wp\/v2\/product_brand?post=398"},{"taxonomy":"product_cat","embeddable":true,"href":"https:\/\/biofarmax.com.br\/index.php\/wp-json\/wp\/v2\/product_cat?post=398"},{"taxonomy":"product_tag","embeddable":true,"href":"https:\/\/biofarmax.com.br\/index.php\/wp-json\/wp\/v2\/product_tag?post=398"}],"curies":[{"name":"wp","href":"https:\/\/api.w.org\/{rel}","templated":true}]}}