{"id":134,"date":"2025-10-27T19:52:11","date_gmt":"2025-10-27T19:52:11","guid":{"rendered":"https:\/\/biofarmax.com.br\/?post_type=product&#038;p=134"},"modified":"2026-01-29T20:24:23","modified_gmt":"2026-01-29T20:24:23","slug":"oleo-de-primula-em-capsulas","status":"publish","type":"product","link":"https:\/\/biofarmax.com.br\/index.php\/produto\/oleo-de-primula-em-capsulas\/","title":{"rendered":"\u00d3leo de Pr\u00edmula 500mg 60 C\u00e1psulas"},"content":{"rendered":"<p><strong>As c\u00e1psulas de \u00d3leo de Pr\u00edmula s\u00e3o suplementos alimentares ricos em \u00e1cidos graxos \u00f4mega-6, como o \u00e1cido gama-linol\u00eanico (GLA), utilizados para auxiliar no al\u00edvio dos sintomas da tens\u00e3o pr\u00e9-menstrual (TPM) e da menopausa, al\u00e9m de contribuir para a sa\u00fade da pele e o equil\u00edbrio hormonal. Os benef\u00edcios incluem tamb\u00e9m controle de colesterol, melhora da press\u00e3o arterial e a\u00e7\u00f5es anti-inflamat\u00f3rias.<\/strong><\/p>\n<p><strong>Quantidade:<\/strong> 60 Capsulas<\/p>\n<p>&nbsp;<\/p>\n<p><strong>Posologia:<\/strong> Tomar 1 capsula, 2 vezes ao dia<\/p>\n<p>&nbsp;<\/p>\n<p><strong>Composi\u00e7\u00e3o:<\/strong> \u00d3leo de Pr\u00edmula 500mg<\/p>\n","protected":false},"excerpt":{"rendered":"<p>\u00d3leo de Primula em Capsulas<\/p>\n","protected":false},"featured_media":332,"comment_status":"open","ping_status":"closed","template":"","meta":[],"product_brand":[],"product_cat":[20,21],"product_tag":[],"class_list":{"0":"post-134","1":"product","2":"type-product","3":"status-publish","4":"has-post-thumbnail","6":"product_cat-bem-estar","7":"product_cat-saude","9":"first","10":"instock","11":"shipping-taxable","12":"purchasable","13":"product-type-simple"},"_links":{"self":[{"href":"https:\/\/biofarmax.com.br\/index.php\/wp-json\/wp\/v2\/product\/134","targetHints":{"allow":["GET"]}}],"collection":[{"href":"https:\/\/biofarmax.com.br\/index.php\/wp-json\/wp\/v2\/product"}],"about":[{"href":"https:\/\/biofarmax.com.br\/index.php\/wp-json\/wp\/v2\/types\/product"}],"replies":[{"embeddable":true,"href":"https:\/\/biofarmax.com.br\/index.php\/wp-json\/wp\/v2\/comments?post=134"}],"wp:featuredmedia":[{"embeddable":true,"href":"https:\/\/biofarmax.com.br\/index.php\/wp-json\/wp\/v2\/media\/332"}],"wp:attachment":[{"href":"https:\/\/biofarmax.com.br\/index.php\/wp-json\/wp\/v2\/media?parent=134"}],"wp:term":[{"taxonomy":"product_brand","embeddable":true,"href":"https:\/\/biofarmax.com.br\/index.php\/wp-json\/wp\/v2\/product_brand?post=134"},{"taxonomy":"product_cat","embeddable":true,"href":"https:\/\/biofarmax.com.br\/index.php\/wp-json\/wp\/v2\/product_cat?post=134"},{"taxonomy":"product_tag","embeddable":true,"href":"https:\/\/biofarmax.com.br\/index.php\/wp-json\/wp\/v2\/product_tag?post=134"}],"curies":[{"name":"wp","href":"https:\/\/api.w.org\/{rel}","templated":true}]}}