{"id":130,"date":"2025-10-27T19:40:13","date_gmt":"2025-10-27T19:40:13","guid":{"rendered":"https:\/\/biofarmax.com.br\/?post_type=product&#038;p=130"},"modified":"2026-01-28T19:46:37","modified_gmt":"2026-01-28T19:46:37","slug":"guarana-em-po","status":"publish","type":"product","link":"https:\/\/biofarmax.com.br\/index.php\/produto\/guarana-em-po\/","title":{"rendered":"Guaran\u00e1 em P\u00f3 100g"},"content":{"rendered":"<p><strong>O p\u00f3 de guaran\u00e1 \u00e9 um energ\u00e9tico natural feito da semente do guaran\u00e1, rico em cafe\u00edna, que aumenta a energia, disposi\u00e7\u00e3o e concentra\u00e7\u00e3o. Ele pode ser consumido dilu\u00eddo em \u00e1gua, sucos ou vitaminas, mas deve ser ingerido principalmente pela manh\u00e3 para evitar ins\u00f4nia.<\/strong><\/p>\n<p><strong>Quantidade:<\/strong> 100g<\/p>\n<p>&nbsp;<\/p>\n<p><strong>Posologia:<\/strong> Tomar 1 a 2 colheres de caf\u00e9, 2 a 3 vezes ao dia<\/p>\n<p>&nbsp;<\/p>\n<p><strong>Composi\u00e7\u00e3o:<\/strong> Guaran\u00e1 100g<\/p>\n","protected":false},"excerpt":{"rendered":"<p>Guaran\u00e1 em P\u00f3<\/p>\n","protected":false},"featured_media":337,"comment_status":"open","ping_status":"closed","template":"","meta":[],"product_brand":[],"product_cat":[20],"product_tag":[],"class_list":{"0":"post-130","1":"product","2":"type-product","3":"status-publish","4":"has-post-thumbnail","6":"product_cat-bem-estar","8":"first","9":"instock","10":"shipping-taxable","11":"purchasable","12":"product-type-simple"},"_links":{"self":[{"href":"https:\/\/biofarmax.com.br\/index.php\/wp-json\/wp\/v2\/product\/130","targetHints":{"allow":["GET"]}}],"collection":[{"href":"https:\/\/biofarmax.com.br\/index.php\/wp-json\/wp\/v2\/product"}],"about":[{"href":"https:\/\/biofarmax.com.br\/index.php\/wp-json\/wp\/v2\/types\/product"}],"replies":[{"embeddable":true,"href":"https:\/\/biofarmax.com.br\/index.php\/wp-json\/wp\/v2\/comments?post=130"}],"wp:featuredmedia":[{"embeddable":true,"href":"https:\/\/biofarmax.com.br\/index.php\/wp-json\/wp\/v2\/media\/337"}],"wp:attachment":[{"href":"https:\/\/biofarmax.com.br\/index.php\/wp-json\/wp\/v2\/media?parent=130"}],"wp:term":[{"taxonomy":"product_brand","embeddable":true,"href":"https:\/\/biofarmax.com.br\/index.php\/wp-json\/wp\/v2\/product_brand?post=130"},{"taxonomy":"product_cat","embeddable":true,"href":"https:\/\/biofarmax.com.br\/index.php\/wp-json\/wp\/v2\/product_cat?post=130"},{"taxonomy":"product_tag","embeddable":true,"href":"https:\/\/biofarmax.com.br\/index.php\/wp-json\/wp\/v2\/product_tag?post=130"}],"curies":[{"name":"wp","href":"https:\/\/api.w.org\/{rel}","templated":true}]}}