{"id":128,"date":"2025-10-27T19:34:16","date_gmt":"2025-10-27T19:34:16","guid":{"rendered":"https:\/\/biofarmax.com.br\/?post_type=product&#038;p=128"},"modified":"2026-01-29T12:24:19","modified_gmt":"2026-01-29T12:24:19","slug":"carqueja","status":"publish","type":"product","link":"https:\/\/biofarmax.com.br\/index.php\/produto\/carqueja\/","title":{"rendered":"Carqueja 300mg 60 C\u00e1psulas"},"content":{"rendered":"<p><strong>As c\u00e1psulas de carqueja servem principalmente para auxiliar na digest\u00e3o, combatendo a m\u00e1 digest\u00e3o, azia e gastrite. Elas tamb\u00e9m t\u00eam a\u00e7\u00e3o diur\u00e9tica, ajudam a proteger o f\u00edgado e a ves\u00edcula biliar, melhoram o funcionamento do intestino e podem auxiliar no controle da glicemia e do colesterol.<\/strong><\/p>\n<p><strong>Quantidade:<\/strong> 60 c\u00e1psulas<\/p>\n<p>&nbsp;<\/p>\n<p><strong>Posologia:<\/strong> Tomar 3 capsulas por dia, junto \u00e0s refei\u00e7\u00f5es<\/p>\n<p>&nbsp;<\/p>\n<p><strong>Composi\u00e7\u00e3o:<\/strong> Carqueja 300mg<\/p>\n","protected":false},"excerpt":{"rendered":"<p>Carqueja<\/p>\n","protected":false},"featured_media":338,"comment_status":"open","ping_status":"closed","template":"","meta":[],"product_brand":[],"product_cat":[20,21],"product_tag":[],"class_list":{"0":"post-128","1":"product","2":"type-product","3":"status-publish","4":"has-post-thumbnail","6":"product_cat-bem-estar","7":"product_cat-saude","9":"first","10":"instock","11":"shipping-taxable","12":"purchasable","13":"product-type-simple"},"_links":{"self":[{"href":"https:\/\/biofarmax.com.br\/index.php\/wp-json\/wp\/v2\/product\/128","targetHints":{"allow":["GET"]}}],"collection":[{"href":"https:\/\/biofarmax.com.br\/index.php\/wp-json\/wp\/v2\/product"}],"about":[{"href":"https:\/\/biofarmax.com.br\/index.php\/wp-json\/wp\/v2\/types\/product"}],"replies":[{"embeddable":true,"href":"https:\/\/biofarmax.com.br\/index.php\/wp-json\/wp\/v2\/comments?post=128"}],"wp:featuredmedia":[{"embeddable":true,"href":"https:\/\/biofarmax.com.br\/index.php\/wp-json\/wp\/v2\/media\/338"}],"wp:attachment":[{"href":"https:\/\/biofarmax.com.br\/index.php\/wp-json\/wp\/v2\/media?parent=128"}],"wp:term":[{"taxonomy":"product_brand","embeddable":true,"href":"https:\/\/biofarmax.com.br\/index.php\/wp-json\/wp\/v2\/product_brand?post=128"},{"taxonomy":"product_cat","embeddable":true,"href":"https:\/\/biofarmax.com.br\/index.php\/wp-json\/wp\/v2\/product_cat?post=128"},{"taxonomy":"product_tag","embeddable":true,"href":"https:\/\/biofarmax.com.br\/index.php\/wp-json\/wp\/v2\/product_tag?post=128"}],"curies":[{"name":"wp","href":"https:\/\/api.w.org\/{rel}","templated":true}]}}