{"id":127,"date":"2025-10-27T19:32:27","date_gmt":"2025-10-27T19:32:27","guid":{"rendered":"https:\/\/biofarmax.com.br\/?post_type=product&#038;p=127"},"modified":"2026-01-29T18:52:14","modified_gmt":"2026-01-29T18:52:14","slug":"fito-drenagem","status":"publish","type":"product","link":"https:\/\/biofarmax.com.br\/index.php\/produto\/fito-drenagem\/","title":{"rendered":"Fito Drenagem 120 C\u00e1psulas 60 Doses"},"content":{"rendered":"<p><strong>Auxilia na elimina\u00e7\u00e3o do excesso de fluidos sem a perda de minerais e tem uma potente a\u00e7\u00e3o antioxidante, por conter polifen\u00f3is.<\/strong><br \/>\n<strong>Celulite, pernas cansadas, per\u00edodo pr\u00e9-menstrual, menopausa e obesidade s\u00e3o exemplos de situa\u00e7\u00f5es e fases da vida das mulheres em que a reten\u00e7\u00e3o h\u00eddrica ocorre com bastante frequ\u00eancia.<\/strong><\/p>\n<p><strong>Quantidade:<\/strong> 120 c\u00e1psulas<\/p>\n<p>&nbsp;<\/p>\n<p><strong>Posologia:<\/strong> Tomar 1 dose (2 capsulas) de manh\u00e3, e 1 dose (2 capsulas) a tarde acompanhado de 1 a 2 copos de \u00e1gua<\/p>\n<p>&nbsp;<\/p>\n<p><strong>Composi\u00e7\u00e3o:<\/strong> Opuntia Ficus 500mg, Hibiscus 200mg, Cavalinha 150mg, Abacateiro 100mg<\/p>\n","protected":false},"excerpt":{"rendered":"<p>Fito Drenagem<\/p>\n","protected":false},"featured_media":339,"comment_status":"open","ping_status":"closed","template":"","meta":[],"product_brand":[],"product_cat":[20,21],"product_tag":[],"class_list":{"0":"post-127","1":"product","2":"type-product","3":"status-publish","4":"has-post-thumbnail","6":"product_cat-bem-estar","7":"product_cat-saude","9":"first","10":"instock","11":"shipping-taxable","12":"purchasable","13":"product-type-simple"},"_links":{"self":[{"href":"https:\/\/biofarmax.com.br\/index.php\/wp-json\/wp\/v2\/product\/127","targetHints":{"allow":["GET"]}}],"collection":[{"href":"https:\/\/biofarmax.com.br\/index.php\/wp-json\/wp\/v2\/product"}],"about":[{"href":"https:\/\/biofarmax.com.br\/index.php\/wp-json\/wp\/v2\/types\/product"}],"replies":[{"embeddable":true,"href":"https:\/\/biofarmax.com.br\/index.php\/wp-json\/wp\/v2\/comments?post=127"}],"wp:featuredmedia":[{"embeddable":true,"href":"https:\/\/biofarmax.com.br\/index.php\/wp-json\/wp\/v2\/media\/339"}],"wp:attachment":[{"href":"https:\/\/biofarmax.com.br\/index.php\/wp-json\/wp\/v2\/media?parent=127"}],"wp:term":[{"taxonomy":"product_brand","embeddable":true,"href":"https:\/\/biofarmax.com.br\/index.php\/wp-json\/wp\/v2\/product_brand?post=127"},{"taxonomy":"product_cat","embeddable":true,"href":"https:\/\/biofarmax.com.br\/index.php\/wp-json\/wp\/v2\/product_cat?post=127"},{"taxonomy":"product_tag","embeddable":true,"href":"https:\/\/biofarmax.com.br\/index.php\/wp-json\/wp\/v2\/product_tag?post=127"}],"curies":[{"name":"wp","href":"https:\/\/api.w.org\/{rel}","templated":true}]}}