{"id":126,"date":"2025-10-27T19:27:20","date_gmt":"2025-10-27T19:27:20","guid":{"rendered":"https:\/\/biofarmax.com.br\/?post_type=product&#038;p=126"},"modified":"2026-01-28T19:45:10","modified_gmt":"2026-01-28T19:45:10","slug":"creatina-100-pure","status":"publish","type":"product","link":"https:\/\/biofarmax.com.br\/index.php\/produto\/creatina-100-pure\/","title":{"rendered":"Creatina 100% 150g"},"content":{"rendered":"<p><strong>Suplemento alimentar de creatina para atletas. Creatina monoidratada, N\u00e3o cont\u00e9m Gl\u00faten.<\/strong><\/p>\n<p>&nbsp;<\/p>\n<p><strong>Posologia:<\/strong> 1 scoop por dia (3,0g)<\/p>\n<p>&nbsp;<\/p>\n<p><strong>Modo de Preparo:<\/strong> Misturar 1 scoop (3,0g) em 200ml de \u00e1gua. CONSUMIR IMEDIATAMENTE AP\u00d3S O PREPARO.<\/p>\n","protected":false},"excerpt":{"rendered":"<p>Creatina 100% Pure<\/p>\n","protected":false},"featured_media":340,"comment_status":"open","ping_status":"closed","template":"","meta":[],"product_brand":[],"product_cat":[19],"product_tag":[],"class_list":{"0":"post-126","1":"product","2":"type-product","3":"status-publish","4":"has-post-thumbnail","6":"product_cat-fitness","8":"first","9":"instock","10":"shipping-taxable","11":"purchasable","12":"product-type-simple"},"_links":{"self":[{"href":"https:\/\/biofarmax.com.br\/index.php\/wp-json\/wp\/v2\/product\/126","targetHints":{"allow":["GET"]}}],"collection":[{"href":"https:\/\/biofarmax.com.br\/index.php\/wp-json\/wp\/v2\/product"}],"about":[{"href":"https:\/\/biofarmax.com.br\/index.php\/wp-json\/wp\/v2\/types\/product"}],"replies":[{"embeddable":true,"href":"https:\/\/biofarmax.com.br\/index.php\/wp-json\/wp\/v2\/comments?post=126"}],"wp:featuredmedia":[{"embeddable":true,"href":"https:\/\/biofarmax.com.br\/index.php\/wp-json\/wp\/v2\/media\/340"}],"wp:attachment":[{"href":"https:\/\/biofarmax.com.br\/index.php\/wp-json\/wp\/v2\/media?parent=126"}],"wp:term":[{"taxonomy":"product_brand","embeddable":true,"href":"https:\/\/biofarmax.com.br\/index.php\/wp-json\/wp\/v2\/product_brand?post=126"},{"taxonomy":"product_cat","embeddable":true,"href":"https:\/\/biofarmax.com.br\/index.php\/wp-json\/wp\/v2\/product_cat?post=126"},{"taxonomy":"product_tag","embeddable":true,"href":"https:\/\/biofarmax.com.br\/index.php\/wp-json\/wp\/v2\/product_tag?post=126"}],"curies":[{"name":"wp","href":"https:\/\/api.w.org\/{rel}","templated":true}]}}