{"id":125,"date":"2025-10-27T19:23:28","date_gmt":"2025-10-27T19:23:28","guid":{"rendered":"https:\/\/biofarmax.com.br\/?post_type=product&#038;p=125"},"modified":"2026-01-29T19:59:39","modified_gmt":"2026-01-29T19:59:39","slug":"menomax","status":"publish","type":"product","link":"https:\/\/biofarmax.com.br\/index.php\/produto\/menomax\/","title":{"rendered":"Menomax 60 C\u00e1psulas"},"content":{"rendered":"<p><strong>Menomax \u00e9 um suplemento destinado a mulheres, formulado para aliviar os sintomas da TPM (dores e c\u00f3licas) e da menopausa (como ondas de calor). Seus principais ingredientes auxiliam na modula\u00e7\u00e3o hormonal natural.<\/strong><\/p>\n<p><strong>Quantidade:<\/strong> 60 Capsulas<\/p>\n<p>&nbsp;<\/p>\n<p><strong>Posologia:<\/strong> Tomar 1 capsula, 2 vezes ao dia<\/p>\n<p>&nbsp;<\/p>\n<p><strong>Composi\u00e7\u00e3o:<\/strong> Cimifuga Racemosa (2,5% triterp) 40mg, Trifolium Pratense 100mg, Amora Extra Seco 300mg, Yam Mexicano Extrato 100mg<\/p>\n","protected":false},"excerpt":{"rendered":"<p>Menomax<\/p>\n","protected":false},"featured_media":368,"comment_status":"open","ping_status":"closed","template":"","meta":[],"product_brand":[],"product_cat":[20,21],"product_tag":[],"class_list":{"0":"post-125","1":"product","2":"type-product","3":"status-publish","4":"has-post-thumbnail","6":"product_cat-bem-estar","7":"product_cat-saude","9":"first","10":"instock","11":"shipping-taxable","12":"purchasable","13":"product-type-simple"},"_links":{"self":[{"href":"https:\/\/biofarmax.com.br\/index.php\/wp-json\/wp\/v2\/product\/125","targetHints":{"allow":["GET"]}}],"collection":[{"href":"https:\/\/biofarmax.com.br\/index.php\/wp-json\/wp\/v2\/product"}],"about":[{"href":"https:\/\/biofarmax.com.br\/index.php\/wp-json\/wp\/v2\/types\/product"}],"replies":[{"embeddable":true,"href":"https:\/\/biofarmax.com.br\/index.php\/wp-json\/wp\/v2\/comments?post=125"}],"wp:featuredmedia":[{"embeddable":true,"href":"https:\/\/biofarmax.com.br\/index.php\/wp-json\/wp\/v2\/media\/368"}],"wp:attachment":[{"href":"https:\/\/biofarmax.com.br\/index.php\/wp-json\/wp\/v2\/media?parent=125"}],"wp:term":[{"taxonomy":"product_brand","embeddable":true,"href":"https:\/\/biofarmax.com.br\/index.php\/wp-json\/wp\/v2\/product_brand?post=125"},{"taxonomy":"product_cat","embeddable":true,"href":"https:\/\/biofarmax.com.br\/index.php\/wp-json\/wp\/v2\/product_cat?post=125"},{"taxonomy":"product_tag","embeddable":true,"href":"https:\/\/biofarmax.com.br\/index.php\/wp-json\/wp\/v2\/product_tag?post=125"}],"curies":[{"name":"wp","href":"https:\/\/api.w.org\/{rel}","templated":true}]}}