{"id":104,"date":"2025-10-27T13:40:48","date_gmt":"2025-10-27T13:40:48","guid":{"rendered":"https:\/\/biofarmax.com.br\/?post_type=product&#038;p=104"},"modified":"2026-01-29T14:32:06","modified_gmt":"2026-01-29T14:32:06","slug":"colageno","status":"publish","type":"product","link":"https:\/\/biofarmax.com.br\/index.php\/produto\/colageno\/","title":{"rendered":"Col\u00e1geno Sem Sabor 250g"},"content":{"rendered":"<p><strong>Suplemento que melhora a firmeza e elasticidade da pele, reduz linhas finas de express\u00e3o. Ajuda a restaurar o t\u00f4nus cut\u00e2neo promovendo uma apar\u00eancia mais jovem<\/strong><\/p>\n<p><strong>Sem Sabor<\/strong><\/p>\n<p>&nbsp;<\/p>\n<p><strong>Composi\u00e7\u00e3o:<\/strong> Col\u00e1geno hidrolisado (peptideos de Col\u00e1geno, acidulante (\u00c1cido ascorbico)<\/p>\n<p>&nbsp;<\/p>\n<p><strong>Posologia:<\/strong> Tomar 1 a 2 scoops (5 a 10g) ao dia, em \u00e1gua ou suco<\/p>\n<p>&nbsp;<\/p>\n<p>N\u00c3O CONT\u00c9M FLAVORIZANTE, N\u00c3O CONT\u00c9M A\u00c7UCAR E N\u00c3O CONTEM GL\u00daTEN.<\/p>\n","protected":false},"excerpt":{"rendered":"<p>Col\u00e1geno<\/p>\n","protected":false},"featured_media":362,"comment_status":"open","ping_status":"closed","template":"","meta":[],"product_brand":[],"product_cat":[20,22,21],"product_tag":[],"class_list":{"0":"post-104","1":"product","2":"type-product","3":"status-publish","4":"has-post-thumbnail","6":"product_cat-bem-estar","7":"product_cat-pele","8":"product_cat-saude","10":"first","11":"instock","12":"shipping-taxable","13":"purchasable","14":"product-type-simple"},"_links":{"self":[{"href":"https:\/\/biofarmax.com.br\/index.php\/wp-json\/wp\/v2\/product\/104","targetHints":{"allow":["GET"]}}],"collection":[{"href":"https:\/\/biofarmax.com.br\/index.php\/wp-json\/wp\/v2\/product"}],"about":[{"href":"https:\/\/biofarmax.com.br\/index.php\/wp-json\/wp\/v2\/types\/product"}],"replies":[{"embeddable":true,"href":"https:\/\/biofarmax.com.br\/index.php\/wp-json\/wp\/v2\/comments?post=104"}],"wp:featuredmedia":[{"embeddable":true,"href":"https:\/\/biofarmax.com.br\/index.php\/wp-json\/wp\/v2\/media\/362"}],"wp:attachment":[{"href":"https:\/\/biofarmax.com.br\/index.php\/wp-json\/wp\/v2\/media?parent=104"}],"wp:term":[{"taxonomy":"product_brand","embeddable":true,"href":"https:\/\/biofarmax.com.br\/index.php\/wp-json\/wp\/v2\/product_brand?post=104"},{"taxonomy":"product_cat","embeddable":true,"href":"https:\/\/biofarmax.com.br\/index.php\/wp-json\/wp\/v2\/product_cat?post=104"},{"taxonomy":"product_tag","embeddable":true,"href":"https:\/\/biofarmax.com.br\/index.php\/wp-json\/wp\/v2\/product_tag?post=104"}],"curies":[{"name":"wp","href":"https:\/\/api.w.org\/{rel}","templated":true}]}}